. What is the highest common factor of 50 and k?
10
Suppose 3*v - 1100 = -v. What is the highest common divisor of 25 and v?
25
Let p(o) = 9*o**2 + 11*o + 5. Let s be p(-5). Let r be 5/15 - 4*259/(-42). What is the greatest common factor of r and s?
25
Suppose 0 = 15*o - 11*o - 12. Suppose -o*w + 102 = -a, 2*w - 5*a + 11 - 92 = 0. What is the greatest common divisor of 22 and w?
11
Let m be 24/6 + (1 - (1 - 81)). Calculate the highest common divisor of m and 34.
17
Suppose -209 = -4*c - 173. Calculate the greatest common factor of c and 36.
9
Let t = -51 - -66. Let p(h) = 41*h**2 - 2*h - 3. Let r be p(-2). What is the greatest common divisor of r and t?
15
Suppose -5*j = -83 - 217. Suppose s - j = -27. Calculate the greatest common divisor of s and 3.
3
Let s = -33 - -35. Suppose -b - 4*u = -61, 0 = -4*u + s - 18. Calculate the greatest common factor of 11 and b.
11
Suppose 0 = -2*r + 4, 3*d - 3*r - 12 = 174. Let k be ((-104)/16)/((-1)/2). Suppose 0 = -k*c - 4*c + 136. What is the greatest common divisor of c and d?
8
Let x = -5 + 7. Suppose 2*o - 6*o = -20. Suppose -3*g - 3*b = -4*b - 11, -g - 7 = o*b. Calculate the highest common factor of g and x.
1
Let u be 4/18 - (-48570)/135. Let q = 727 - u. Let t = q + -220. Calculate the highest common divisor of t and 21.
21
Let h be 6/(-8)*4 + 22. What is the greatest common factor of 133 and h?
19
Let y = 641 + -173. What is the greatest common factor of y and 36?
36
Suppose 12 + 23 = 5*i. Suppose i*g + 89 = 677. What is the greatest common factor of g and 12?
12
Let d(m) = 2 - 12*m**2 - 13*m**2 + 23*m**2 - 5*m**3. Let n be d(-2). Calculate the highest common divisor of n and 17.
17
Suppose -k = -0*k - 35. Suppose 4*g - 62 = -38. Suppose -4*d + 1115 = -5*j, -d + g*d - 1404 = -4*j. Calculate the greatest common divisor of d and k.
35
Suppose 0 = -u - 6 + 1. Let i(p) = p**3 + 3*p**2 - 6*p + 5. Let y be i(u). Let l be y/((-4)/(-56)*-2). Calculate the highest common factor of 21 and l.
21
Let w(n) = -n. Let f be w(6). Let a be (f/9)/(2/(-252)). Let t be (-354)/2301 - (0 + 158/(-13)). What is the highest common factor of a and t?
12
Let a(z) = 3*z**3 + 4*z**2 + 2*z. Let x be a(-2). Let o be (-381)/x - 7/(-28). What is the highest common factor of o and 16?
16
Suppose 0 = 4*o - m + 375, -3*o - 472 = 2*o + 2*m. Let x = -24 - o. Suppose -3*c = -l - 2*c + x, 0 = 2*c + 8. What is the highest common factor of 11 and l?
11
Let u be -4 + 108/30 + 107/5. Let t = 48 + -27. Calculate the highest common divisor of u and t.
21
Let y(f) = -78*f**3 - 2*f**2 + 21*f + 41. Let u be y(-2). Calculate the greatest common factor of u and 41.
41
Let k be (-1)/(((-10)/(-25))/(-2)). Suppose -10*n + 5 = -9*n. What is the highest common divisor of n and k?
5
Let s be 2/10 - (-28)/10. Suppose -k = -s*u - 4 - 2, -3*u = -12. Let r = -7 + k. What is the highest common divisor of 121 and r?
11
Suppose 0 = -8*u + 7*u + 51. What is the greatest common divisor of u and 969?
51
Let p = 14 + -12. Let w = -1 + p. Let i be (w/3)/(6/396). Calculate the greatest common factor of 22 and i.
22
Let c = 37 + 11. Suppose -3*j = 5*w - 48, 4*j - 32 = 5*w - 9*w. What is the highest common factor of w and c?
12
Let t be (-388)/(-15) + ((-10)/(-375))/(1/5). Let a = 3 - -62. Calculate the greatest common divisor of t and a.
13
Suppose -43*n = -46*n + 69. Let l = 34 - n. Calculate the greatest common factor of l and 11.
11
Let y(g) = -g**3 + 33*g**2 + 56*g - 663. Let v be y(34). Calculate the greatest common divisor of v and 5.
5
Suppose -241 = -j + 3*u - 4*u, u + 719 = 3*j. What is the greatest common factor of j and 96?
48
Suppose -4*s = 2*b - 8*s - 38, 3*s = 2*b - 34. What is the highest common divisor of b and 198?
11
Let r be (-194)/(-4)*258/43 - -3. Calculate the greatest common factor of 84 and r.
42
Suppose 3*w + 2*a - 113 = 0, 5*w + 0*a - 3*a = 182. Suppose -w = -5*i + l, -5*i - 2*l + 31 = -5*l. Calculate the highest common factor of i and 20.
4
Let i(l) = l**3 - 12*l**2 + 10*l + 10. Let g be i(11). Let m(x) = 13*x**2 - 2*x - 2. Let p be m(g). Calculate the highest common divisor of p and 117.
13
Suppose -236 = 43*k - 1354. Calculate the greatest common factor of 58 and k.
2
Suppose 0 = 2*x - 5*u + 10, -5*x - 3*u + 2*u = -29. Suppose -60 = q - x*q. What is the highest common factor of q and 75?
15
Let k(x) = 43*x**2 - 2*x - 2. Let c be k(-1). Let q = -33 + c. What is the greatest common divisor of q and 30?
10
Let w be -2*(3 - 5)/((-15)/(-225)). What is the highest common factor of w and 390?
30
Let s be 334/8 + 2/8. What is the greatest common factor of 224 and s?
14
Let k be (-14)/(-4)*(12 - 4). Suppose 16*y - 68 - 44 = 0. Calculate the greatest common factor of k and y.
7
Suppose -p + 46 = 2*m, 0 = p + 5*m + 11 - 69. Let z = p + -28. Let n(h) = 10*h. Let r be n(3). Calculate the highest common factor of r and z.
10
Suppose 5*z + 20 = -0*z. Let o(u) = -2*u - 4. Let k be o(z). Suppose -28 = -k*r + 5*t, 5*r - 14 = -2*t + 3*t. Calculate the greatest common factor of r and 8.
2
Let h be (-10)/(-15) + 130/3. Suppose -4*s - s + 4*q = -40, 0 = 4*s - q - 21. Calculate the greatest common factor of s and h.
4
Suppose 3*n = -4*j + 122, 4*j = 2*j - 5*n + 54. Calculate the greatest common divisor of j and 56.
8
Suppose 3*o - 112 = k, 4*o + 11*k - 146 = 9*k. What is the greatest common factor of o and 629?
37
Suppose -28*b + 22*b + 174 = 0. Let l = b + -15. What is the highest common factor of l and 56?
14
Let j = -1168 - -1205. Calculate the highest common divisor of 851 and j.
37
Let h(t) = 10*t - 2. Let g be h(1). Suppose g*a = 94 + 74. What is the greatest common divisor of a and 63?
21
Let u be ((-3)/(-2))/(19 - 67785/3570). Calculate the greatest common factor of u and 91.
7
Let m be (-100)/6 - -16 - 1/(12/(-92)). Suppose 5*t + 6*n - 325 = 4*n, -4*t = -4*n - 232. What is the greatest common factor of m and t?
7
Let r = -15 + 18. Suppose -8*s - 4*h + 28 = -4*s, -21 = -r*s + 3*h. Calculate the highest common divisor of s and 77.
7
Suppose -2 - 10 = -3*g. Let f = -129 - -133. Let l be f/g*16 - -4. What is the highest common factor of 20 and l?
20
Let d = 1317 - 1306. Suppose 0 = 5*l - 3*q - 159, 5*l = 3*q + q + 157. What is the greatest common divisor of l and d?
11
Let a(u) = u**2 + 2*u + 30. Let i be a(-8). What is the highest common divisor of i and 130?
26
Let z(p) = -15*p - 179. Let c be z(-13). What is the highest common divisor of 32 and c?
16
Suppose 5*g = 42 - 37. Calculate the greatest common divisor of 32 and g.
1
Let d be (-8)/(-6)*30*2. Let o(r) = 30*r**2 - 36*r + 36. Let s be o(1). Calculate the highest common factor of d and s.
10
Let x(v) = 8*v - 7. Let g = 9 + -6. Let r be x(g). Let a be 2 + -2 + r - -3. Calculate the greatest common factor of a and 80.
20
Suppose 2*s + 0*g - 4*g = 32, -5*s + 5*g = -85. What is the greatest common factor of 63 and s?
9
Let j = -63 - -99. Let o = 1954 - 1666. Calculate the greatest common divisor of o and j.
36
Let b be (-4 + -1)*51/(-425)*105. Calculate the greatest common factor of b and 216.
9
Let y be 5 + 1 - (1 - 0). Let u = 18 - 10. Suppose y*j + u = 158. Calculate the greatest common divisor of 240 and j.
30
Suppose 14*z - 1848 + 182 = 0. What is the greatest common factor of z and 17?
17
Let w = -688 - -699. What is the greatest common divisor of w and 627?
11
Let p(z) = 1 + 5 + 20*z - 5. Let n be p(1). Let l(j) = 3*j - 88. Let u be l(34). Calculate the greatest common divisor of n and u.
7
Let r(l) = 20*l + 1. Let h be r(1). Suppose 28*m - 91 = h*m. Suppose -2*g + 192 = 2*f, -f = -3*g - 72 - 4. Calculate the highest common divisor of m and f.
13
Suppose -5*d + 3*d = -y + 18, 0 = -2*d - 2. Let n(q) = -3*q**3 + 2*q + 1. Let l be n(-1). What is the greatest common divisor of l and y?
2
Let q be (-20)/(1*-4) + -1. Let d(f) = -f**3 + 11*f**2 + 10 + 0*f - q*f - 2*f. Let x be d(8). Calculate the highest common divisor of 14 and x.
14
Let r(h) = -h**3 + 12*h**2 - 4*h - 83. Let a be r(10). Calculate the highest common factor of a and 1463.
77
Let q(l) = 7*l + 1. Let g(x) = 7*x + 1. Let b be 21/(-6)*(-36)/21. Let j(a) = b*q(a) - 4*g(a). Let f be j(1). What is the highest common divisor of 80 and f?
16
Let x(r) = -18*r + 65. Let p be x(3). Let b(z) = 0 - 7 + 4*z - z + 0*z. Let j be b(6). What is the hi